) = 3*w + 14. Let q(m) = m + 5. Let n(c) = -8*q(c) + 3*t(c). Suppose -18 = -5*u + 2. What is n(u)?
6
Suppose -p + 2 = -1. Let h(d) = -d**2 + 2*d + 2*d - 3*d + 4. What is h(p)?
-2
Let i = 4 - 2. Suppose 0 = i*q + 2*q. Suppose q*m = -5*m - 15. Let w(d) = -d**3 - 2*d**2 + 3*d. Determine w(m).
0
Let h(b) = b**3 + 12*b**2 + b + 13. Let i be h(-12). Let f(o) = 2*o + i - 5*o + 2*o. What is f(-6)?
7
Let j be 2/(-8) + (-126)/(-24). Let u(s) = j*s - s**2 + 3 + 0*s - 2*s - s. Suppose -3*t - 3 = 3. Determine u(t).
-5
Let i(c) = -c - 1. Let h(p) = -6*p - 4. Suppose b + 40 = -3*w + 12, -2*b - 24 = -2*w. Let z(q) = b*i(q) + 3*h(q). Give z(3).
-2
Suppose -t = 3*a + 11, -5*a - 2*t - 24 = -7. Let k(j) be the first derivative of j**4/4 + 4*j**3/3 - 5*j**2/2 + 2*j + 1. Determine k(a).
2
Let g be 3/(-12) + (-42)/(-8). Let s(x) be the first derivative of -x**3/3 + 3*x**2 - 2*x - 3. Determine s(g).
3
Let i(j) = -7*j**2 + 4*j - 9. Let d(g) = 6*g**2 - 4*g + 8. Let l(f) = 6*d(f) + 5*i(f). Let x be l(2). Let w(p) = -5*p**3 + p**2 + p + 1. What is w(x)?
6
Let c(f) = f**3 - f + 1. Let h(g) = 3*g**3 - 5*g**2 - 8*g - 2. Let m(u) = 4*c(u) - h(u). Give m(-4).
6
Let y(u) = 4*u**2 + 3 - 2*u**2 + 7*u - 1 - u**2. Calculate y(-6).
-4
Let z(q) = -q - 4. Let c be z(3). Let a(n) = -17*n + 3. Let l(d) = 51*d - 10. Let u(j) = c*a(j) - 2*l(j). Determine u(1).
16
Suppose 2*i - 2*b - 10 = -0*i, 3*i - 5*b = 23. Suppose -4*l = r - 4, -2*l + r = l - 10. Suppose -l*z = -i - 5. Let k(p) = p**2 - 4*p + 1. Give k(z).
-2
Let s(f) = -f - 5. Suppose 14*l + 40 = 9*l. Give s(l).
3
Let j(l) = 17*l**3 - 7*l - 5. Let k = -6 + 1. Let m = 0 - k. Let i(u) = -9*u**3 + 4*u + 3. Let a(z) = m*i(z) + 3*j(z). Calculate a(-1).
-5
Let q(n) = -n + 1. Let d(a) = -8*a + 9. Let o(v) = 2*d(v) - 18*q(v). Let x = -2 - 3. Let g be (-5)/(x/2) + -4. What is o(g)?
-4
Let n(b) = 5*b + 1. Suppose -4*a - 20 = 0, 0 = -t - 3*a + a - 11. Give n(t).
-4
Let p(r) = 3*r**2 - r**2 + 1 + 0*r**3 + 3*r**2 - r + r**3. Calculate p(-5).
6
Let w = -1 + 4. Let g(u) = u**2 - 3. Calculate g(w).
6
Let f = -71 + 67. Let s(b) = -b**3 - b**2 + b. Let j(y) = 4*y**3 - 8*y + 1. Let a(r) = -j(r) - 5*s(r). What is a(f)?
3
Let a(s) = 36*s**2 + 2. Let d(k) = 2*k**2 + 1. Let o(z) = -a(z) + 3*d(z). Determine o(-1).
-29
Let d(r) = -r**2 + r - 1. Let m(b) be the second derivative of 0 + 1/3*b**3 - 1/3*b**4 + 2*b - 9/2*b**2. Let t(a) = -5*d(a) + m(a). Give t(3).
-4
Let p(a) be the first derivative of 3/2*a**2 + 2 + 3*a - 1/4*a**4 + 4/3*a**3. Suppose 0 = 2*w - 0*w - 5*q + 5, 4*w - 5 = 5*q. Determine p(w).
-7
Let z(o) = o**3 + 6*o**2 - 6*o + 7. Let j be z(-7). Suppose j = 5*r + 4 + 6, 4*r = 4*a + 4. Let k(m) = 2*m**2 + 2*m - 3. Give k(a).
9
Let z(n) = n**2 - 4*n - 3. Let l(r) = 0*r**2 - 6 - r**2 + 2 - 5*r. Let m be l(-3). Suppose 3 = s - m. Give z(s).
2
Let g(h) = -h**2 + h + 1. Let v be g(2). Let t(j) = -j + 3*j**2 - 7*j**2 - 3*j**2. Determine t(v).
-6
Let j(g) = g + 4. Let v = 0 + 0. Suppose v = 4*c + 2 + 6. Calculate j(c).
2
Let v(q) = -2*q + 6*q - 1 - 3*q. Suppose 2*m = 15 - 1. Suppose 20 = -m*u + 3*u. Calculate v(u).
-6
Let d(p) = 5*p**3 - 5*p**2 + 6*p. Let j(k) = -6*k**3 + 5*k**2 - 7*k. Let h(x) = -7*d(x) - 6*j(x). Suppose 5 = 3*g - 4*g. Determine h(g).
0
Suppose 0*u - 5*u = 15, -4*g = -4*u - 16. Let f(v) = -v + 1. Let m(k) = -5*k - 4. Let o(i) = g*m(i) - 4*f(i). What is o(-6)?
-2
Let x(f) = -f**2 + f + 1. Let d be x(2). Let l = d + -5. Let b(a) = a + 10. Calculate b(l).
4
Let o(h) be the third derivative of -h**4/24 + 5*h**3/6 + 27*h**2. Determine o(6).
-1
Let i(z) = 5*z + 1. Let c be (-5)/10 + (-63)/2. Let m be c/48 + 10/6. What is i(m)?
6
Let o(x) be the first derivative of -x**3 + x**2 + 2*x - 2. What is o(-2)?
-14
Let g(o) = -o**3 - 5*o**2 - 6*o - 2. Let h be (42/15 - 2)*25. Suppose -h = 3*x + 2*x. Give g(x).
6
Let x(m) be the second derivative of 1/60*m**5 + 0*m**2 + 4*m + 0 + 1/6*m**3 + 0*m**4. Let t(p) be the second derivative of x(p). Determine t(3).
6
Let a be 0*(-3)/12*-4. Let u be 0*(-1 + 2 + a). Let f(y) = -y**3 - y**2 - y. Let t(b) = -6*b**3 - 4*b**2 - 5*b + 6. Let q(h) = 5*f(h) - t(h). Determine q(u).
-6
Let d(m) be the first derivative of -m**6/360 + m**5/20 - m**4/6 + 2*m**3/3 + 4. Let n(p) be the third derivative of d(p). Let c be 33/6 + 1/(-2). Give n(c).
1
Let r(h) = -5*h**2 - h + 1. Let a = -66 + 40. Suppose -2*y - 3*y = -260. Let n be 60/y - (-4)/a. Give r(n).
-5
Let j(a) be the first derivative of a**3 + a**2 + a - 1. Let z be (-6)/4 + (-2)/(-4). Determine j(z).
2
Let p be (2/(-2))/((-4)/8). Suppose 4*y = -p*a + 10, 0*y - 4*a - 15 = y. Let u(b) = -b**2 + 7*b + 2. Calculate u(y).
12
Let l(u) = -u - 6. Let a(i) = -5*i - 29. Let n(y) = 2*a(y) - 11*l(y). What is n(-5)?
3
Let h(x) be the third derivative of x**4/8 - x**3 + 2*x**2. Suppose 2*p = 5*s - 2*p + 13, 2*s + 3*p = -19. Let m be -2*(-1)/(-2) - s. What is h(m)?
6
Let i(q) = 3*q - 4. Let j = 7 + -4. Give i(j).
5
Let n(j) be the second derivative of -j**4/12 + j**3/6 - 3*j**2 - 86*j. Suppose z + 4 = -w, -4*w = 2*z - 0*w + 16. Determine n(z).
-6
Let x(r) = -r + 12. Let q be 3 + -2*2/4. Let s be (-9)/q*(-4)/6. Suppose -5*b + 19 = s*n, -3*b + 0*n + 17 = -n. Determine x(b).
7
Let t(f) be the second derivative of f**8/6720 - f**7/504 + f**6/720 - f**5/60 + f**4/4 + f. Let o(l) be the third derivative of t(l). Calculate o(5).
3
Let x(v) = -3*v**2 + 2*v**2 + 7*v - 35 + v + 40. Give x(6).
17
Let s(d) = 7*d + 9. Suppose 0 = -y - 2*u - 8, -4*u - 24 = -y - y. Let t(c) = 3*c + 5. Let f(h) = y*s(h) - 5*t(h). What is f(-5)?
-2
Let q(w) = w**2 + 2*w + 3. Let j be (4 + -5)/((-2)/6). Suppose t - j*t = -8. Let r be (6/t)/(2/(-4)). What is q(r)?
6
Let h = 2 - 5. Let k be (-1)/(h/3) + -2. Let j be (-1 - k) + 6 + -4. Let o(q) = q**3 - q**2 + q. Determine o(j).
6
Suppose 8*z - 22 = 10. Let w(g) = g**3 - 5*g**2 + 4*g + 5. Give w(z).
5
Let d(t) = t - 5. Let f be d(0). Let z(u) be the third derivative of -u**5/120 + u**3/2 - u**2. Let o(q) be the first derivative of z(q). Calculate o(f).
5
Let v(m) = -m**2 + 8*m - 8. Let q be v(6). Let c be (-4)/(-8) + 30/q. Suppose 12 + c = 5*w. Let o(t) = -t**3 + 4*t**2 - 3. Give o(w).
-3
Let m(i) = 21*i + 3 - 6*i - 4*i - 8*i. Let v be (0 - -1)*(-2 + -1). Calculate m(v).
-6
Suppose 4*x - 5*a - 4 = -24, -3*x - 4*a + 16 = 0. Suppose -3*l + 5 + 4 = x. Let r(y) = 0*y + l + y - y**2 - y. Determine r(3).
-6
Let y(n) = 1 + n**2 + 0*n**2 + 3*n + 0 - 2*n. Let x(q) = -2*q**2 + q + 1. Let h(s) = x(s) + y(s). Calculate h(-2).
-6
Let a = -49 + 44. Let s(p) = -p**2 - 6*p. Determine s(a).
5
Let v(b) = -b**3 + 3*b**2 - 1. Suppose -3*o = 3*g + 4 + 2, o - 4 = -3*g. Calculate v(g).
-1
Suppose g - 6*g + 19 = -2*f, -f = g - 8. Let x(s) = 8*s**2 - 3*s - 4. Let k(i) = -23*i**2 + 9*i + 12. Let j(h) = 6*k(h) + 17*x(h). Give j(f).
-5
Suppose -6 = -v - v - 2*k, -v - 2*k = -3. Let h = 1 - -1. Let q(f) = -f**h + v*f**2 + 2 - f**2 - 4*f. What is q(4)?
2
Let t(s) = s**2 - 1. Let j(y) be the first derivative of 3 - 3/2*y**2 - 6*y + 2*y**3. Let c(o) = -j(o) + 5*t(o). Determine c(3).
1
Let c(x) be the third derivative of -4*x**5/15 + 31*x**4/24 + 25*x**3/6 - 4*x**2. Let p(y) = 3*y**2 - 6*y - 5. Let z(h) = -2*c(h) - 11*p(h). Determine z(5).
0
Suppose -3*f + 7*t + 29 = 3*t, 0 = t + 5. Suppose -f = -2*c + c. Let w(g) be the third derivative of -g**4/24 - g**3/3 - 2*g**2. Give w(c).
-5
Let v be (8/(-6))/(4/(-54)). Suppose -c = 2*t, 5*c - v = -2*t - 2*t. Let k(b) = b**2 - 6*b + 2. What is k(c)?
2
Let j(r) = 5*r**2 + r**2 - 6*r**2 - 3*r**2 + r**3 - r + 1. What is j(3)?
-2
Let q(m) = m**2 - 6*m + 7. Let r(p) = p - 9. Let i be r(14). Suppose -3*y + i*w + 10 + 8 = 0, y - w = 6. Give q(y).
7
Let t(d) be the third derivative of 0*d - d**2 + 0 + 2/3*d**3 - 1/12*d**4. Suppose -2*z + 19 = 3*w, 8*w - 17 = 3*w + 4*z. Calculate t(w).
-6
Let g(u) = -u - 1. Let z(c) = -3*c + 6. Let w(k) = 5*g(k) + z(k). Calculate w(1).
-7
Let y(i) = -2*i + 1. Let v be y(-1). Suppose 11 = -r - 2*g + v, 3*r - g = 4. Let a(b) = -b**2 + 8. Give a(r).
8
Let m be 24/2*2/(-4). Let b(k) = 5 - 3*k**3 - 6*k**2 + 2*k**3 - 5 + 3. What is b(m)?
3
Let g(z) = z - 4. Let h(d) = d + 15. Let p be h(-11). What is g(p)?
0
Let b(k) = -k**3 - 4*k**2 - 1. Let p(i) = -5*i + 1. Let g be p(1). What is b(g)?
-1
Suppose -4*k - 9 = -u + 5, 4*u = -2*k - 16. Let x(d) =